 + 34*n**2. Let z(u) be the second derivative of h(u). Calculate z(7).
15
Let w be (-9)/2*(5 - 1). Let n = w + 25. Let b(x) = x + 5. Let o(k) = -k - 5. Let v(r) = n*b(r) + 6*o(r). Give v(-6).
-1
Let u(d) = d**2 + 9*d - 4. Let h(i) = 2*i**2 - 16*i - 24. Let t be h(9). Give u(t).
-22
Let n(g) = 2*g + 1. Let i = -3 - -5. Suppose i*v = -v + 9. Give n(v).
7
Let c be (0/(2 - 4))/1. Let m(y) be the first derivative of y**3/3 + y**2/2 + y - 13. What is m(c)?
1
Let v(p) = -p**3 - 18*p**2 - 16*p + 17. Let i be (-24)/(-20) + 546/(-30). Determine v(i).
0
Let o(v) = -5*v**2 + 2*v + 2. Let z(c) be the first derivative of 11*c**3/3 - 5*c**2/2 - 4*c - 88. Let i = 17 + -4. Let k(g) = i*o(g) + 6*z(g). Determine k(3).
-1
Let g(s) = -29*s + 4 - 9 + 13*s. Determine g(-4).
59
Let c(j) be the first derivative of 9/2*j**2 - 1/3*j**3 + 1 - 9*j. Let q be c(8). Let k(o) = 3*o - 1. What is k(q)?
-4
Suppose 4*a = 3*c + 15, -2*a + 25 = 2*c - 7*c. Let z(i) be the third derivative of -1/120*i**6 + 4*i**2 + 0 + 0*i + 0*i**4 + 1/60*i**5 - 7/6*i**3. What is z(a)?
-7
Let b(v) = v + 1. Let h(f) = f**2 + 11. Let r(z) = -5*b(z) + h(z). Determine r(5).
6
Let q(t) = t + 1. Let d(r) = -3*r - 28. Let a be d(-12). Let y(h) = h**2 - 8*h + 1. Let n be y(a). Let x be 0/(2/(-1))*n. Calculate q(x).
1
Let z(b) = b + 3*b + 1 + 3*b - 6*b. Let m = -2 - -2. Calculate z(m).
1
Suppose -25 = -u - 3*s - 19, 0 = u - 3*s. Let b(h) = 2*h**2 - h - 1. Let z(w) = w**2 - w. Let d(l) = b(l) - 3*z(l). What is d(u)?
-4
Let u(c) = 3*c + 44. Let b(m) = -8*m - 122. Let r(h) = -4*b(h) - 11*u(h). Let t(l) = l**3 + 4*l**2 - 3*l - 2. Let p be t(-4). What is r(p)?
-6
Let z(o) = o**3 + 4*o**2 + o + 27. Let m be z(-5). Let u(n) = 3*n + 7. Determine u(m).
-2
Let a(f) be the first derivative of 2*f**2 - 87. Let k be (-2 + 1 + 1)/(-1). Suppose 2*l - 4*o = 6*l + 32, k = -o - 5. Calculate a(l).
-12
Let x(l) = 3*l**2 + 3*l + 4. Let u(z) = 3*z**2 + 5*z + 6. Let c(r) = 2*u(r) - 3*x(r). What is c(-2)?
-14
Let f(k) = -2*k**2 - 7*k + 2. Let u be (-94*(-6)/6)/(-1 + 3). Let i = u - 52. Give f(i).
-13
Let s(d) = 0 + 0 + d**3 + d**2. Suppose m - 12 = 7*m. Let u(b) = 2*b**2 + 4*b. Let w be u(m). Determine s(w).
0
Let b(l) = -l - 6. Let w(u) = -3*u - 18. Let z(n) = -8*b(n) + 3*w(n). Suppose 0 = -5*s + 3*m - 15, 10 = 4*s + 5*m - 15. Give z(s).
-6
Let r(j) be the second derivative of 0 - 17*j - 3*j**2 - 1/2*j**3. What is r(6)?
-24
Let k(j) be the second derivative of j**7/840 + j**6/120 - 7*j**5/120 - j**4/24 + j**3/2 - 13*j. Let t(a) be the second derivative of k(a). Calculate t(-5).
-16
Let w(a) = -6*a - 78. Let b be w(-15). Let z(p) = p**3 - 13*p**2 + 10*p + 12. Calculate z(b).
-12
Suppose -8 - 12 = -4*f. Let r(v) be the first derivative of 1/3*v**3 + f - 1/2*v**2 + 0*v. Determine r(4).
12
Let g(m) = m**2 + 10*m + 10. Let c = 22 - 31. Let r be g(c). Suppose 4*y = 4*p + 12, -3*p + 5*y = 20 - r. Let b(h) = 3*h**2 - 3*h + 1. Determine b(p).
7
Let k(h) = -11*h - 1. Suppose 3*a + 2 + 1 = 5*l, -4*l - 5*a - 5 = 0. Let d be (-4)/(3 - 1) + l/31. Calculate k(d).
21
Let d(l) = 5*l - 1. Suppose -5*h + 0*r - 4*r = -59, 2*h = 5*r + 50. Let z be h/(-5) - 1/(-1). What is d(z)?
-11
Suppose -10*q = -26*q + 32. Suppose -3*m + q = -1. Let k(w) = 5*w**2 + w - 1. Calculate k(m).
5
Let v(s) = -3*s + 41. Let z be (-136)/(-10) - (168/20)/(-21). Give v(z).
-1
Let y be -12*(1 + 3/(-2)). Let w(v) = -8*v + 17*v - y*v - 8*v. Give w(-1).
5
Let z(c) = c + c + c**3 - 3*c**2 + 3*c - 4. Let n(t) = 3*t. Suppose -7*d + 1 + 6 = 0. Let u be n(d). Determine z(u).
11
Suppose 222 - 292 = 14*c. Let d(q) = 5*q + 17. What is d(c)?
-8
Let t = 301 - 297. Let i(g) = g**3 - 5*g**2 + 3*g - 9. Determine i(t).
-13
Let a(v) be the second derivative of 3*v**2 + 2*v + 22 + 1/20*v**5 - 11/12*v**4 - 1/6*v**3. Give a(11).
-5
Let i(l) = -9*l + 16 + 34*l**2 - 19*l**2 - 16*l**2 - 2*l - 6. Give i(-9).
28
Let k(y) = -y + 1. Suppose f + 3*i + 2*i = 46, -f - 2*i + 31 = 0. Suppose f*s + 20 = 17*s. Determine k(s).
6
Let m(h) = -12*h - 25. Let g(v) = -4*v - 12. Let j(s) = -2*g(s) + m(s). Suppose -2*t = -2 - 0. Let l be t/4 + (-14)/(-8). Calculate j(l).
-9
Let g be (1/(-2))/((-4)/(-16)). Let u(k) = 3*k - 2. Let x(i) = i - 1. Let o(z) = g*u(z) + 5*x(z). Give o(-5).
4
Suppose 3*k = 2*k + 15. Suppose -j + 3 = -d, k = 2*j - 0*d - 5*d. Let t(w) = w**2 + w - 6. Determine t(j).
-6
Suppose -8*u - 5155 = -13*u. Let f(g) = -g - u + 1031. Calculate f(-4).
4
Let a(k) = -k + 4. Let h be a(4). Suppose -18*r + 15*r = h. Let b(z) = -z**3 + z**2. Let o be b(r). Let m(f) = -f - 4. Determine m(o).
-4
Let r be (-98)/(-28)*(-24)/(-28). Let q(b) = -b**3 + 6*b**2 - 6*b - 2. Give q(r).
7
Let f be ((-10)/(-3))/(1165/(-4194)). Let l(h) = h**3 + 11*h**2 - 11*h - 2. Determine l(f).
-14
Let t(k) = k - 2. Let x(z) = -1. Let y(o) = -t(o) + 2*x(o). Let r be 16/32*(-7 + -1)*(-3)/(-2). Give y(r).
6
Let a(s) be the first derivative of s**3/3 - 3*s**2/2 - 4*s + 2. Suppose -2*d + 3*d + 2 = 0. Let v = d + 5. Calculate a(v).
-4
Suppose -92 + 66 = 13*w. Let m(q) = -2*q**3 + q**2 - q. Calculate m(w).
22
Suppose -4*o + 6*o = -8. Let v(q) = -4*q**2 + 2*q - 2. Let z(m) = 13 - 106*m - 5*m**2 + 109*m - 14. Let l(n) = o*v(n) + 3*z(n). What is l(0)?
5
Let i(u) be the first derivative of -6 + 2*u - 5/2*u**2. Let f(a) = -a**2 - 9*a + 2. Let y be f(-9). Give i(y).
-8
Suppose 0 = -15*n + 19*n + 336. Let r = 77 + n. Let l(q) = 3*q + 3. What is l(r)?
-18
Let n(i) = 91*i - 41*i + 6*i**2 - 50*i. Calculate n(1).
6
Let u be (-10)/(-45) - (-52)/9. Let z(v) = 15*v - 3 - u*v - 5*v. Suppose 0 = -0*j + 4*j + 3*o - 5, -3*j + 5*o = -11. Give z(j).
5
Let n be 4*25/20*3/(-5). Let g(s) be the third derivative of 1/8*s**4 + 0 + 1/15*s**5 + s**2 + 1/120*s**6 + 0*s**3 + 0*s. Determine g(n).
0
Let b = -288 - -293. Let d(o) be the second derivative of -7/2*o**2 + 3*o + 1/20*o**b + 0 + 0*o**4 + 1/6*o**3. What is d(0)?
-7
Suppose 15*t = 35 + 10. Let d(z) = z + 6. Let j(x) = 3. Let l(b) = t*d(b) - 5*j(b). Give l(-4).
-9
Let y be (0 - (-12)/3)/2. Let p(t) be the second derivative of 2*t**3 - t**2/2 + 14*t. Calculate p(y).
23
Let g(m) = -7*m**3 - 21*m**2 - 8*m + 9. Let r(a) = 6*a**3 + 21*a**2 + 10*a - 8. Let j(y) = -5*g(y) - 6*r(y). Determine j(-20).
3
Let s = 22 + -31. Let r(l) be the first derivative of -l**3/3 - 9*l**2/2 - 3*l + 1899. Give r(s).
-3
Let h(t) be the first derivative of t**4/4 + 17*t**3/3 + 9*t**2 + 28*t + 5. Let f be h(-16). Let z(g) = g**2 - 1. Calculate z(f).
15
Suppose 0 = 4*j - 5*v - 2, -j + 4*v - 5 + 0 = 0. Suppose -k + 3*w = -14, 2*w + 8 = 4*k - 8. Suppose -j*p = -k*p. Let c(o) = -o**2 + o. Determine c(p).
0
Let u(j) = 11*j**2 + 366*j + 88. Let r be u(-33). Let p(k) be the third derivative of k**6/120 + k**5/5 + 5*k**4/12 - 13*k**3/6 + 2*k**2. Give p(r).
-2
Suppose 4*r - 2 = 6. Suppose -r*p - d = 2, -p - 5*d + 4 = -4. Let n(w) = 2 - 4 + 2*w**3 + 1 - w + 3*w**2 - 1. What is n(p)?
-4
Let x(j) = -j**3 + 4*j**2 - 3*j + 3. Suppose 1 = 5*n + 6, -9 = -4*d - 3*n. Let t be x(d). Suppose -t = 3*c + 15. Let o(r) = -r**2 - 7*r + 1. Calculate o(c).
7
Let g(u) = u**3 - 2*u + 6. Let l(y) = y**2 + 2*y - 3. Let a(b) = 3*g(b) + 5*l(b). Give a(-3).
-45
Let j(s) = -11*s**3 - 36*s**2 + 7*s - 7. Let i(m) = 7*m**3 + 23*m**2 - 5*m + 5. Let g(w) = -8*i(w) - 5*j(w). Let v = -6 - -1. Determine g(v).
-5
Let m(x) = -3*x**3 + x + 1. Suppose -4*f + 21 = -y, 2*y - f - 45 = -52. Determine m(y).
3
Suppose 3*o + 0*o - 15 = 0. Suppose -2*t + n = -o*t, 3*n = 0. Let c(h) = -h + 8. Determine c(t).
8
Let q(n) be the second derivative of -n**3/2 + 3*n**2/2 + 2*n. Suppose 0 = -3*d + 48 - 36. Give q(d).
-9
Suppose 3*n + k = 5, 0*n + 13 = 3*n - k. Let r(b) = b**2 + 3*b**2 + 2*b**3 - n*b**3 + 2 + 4*b - 5*b**2. Determine r(-3).
8
Let h(i) = i**3 + 2*i**2 + i - 1. Let b(n) = 7*n**3 + 16*n**2 + 8*n - 10. Let k(s) = b(s) - 6*h(s). Give k(-4).
-12
Let k(c) = c**3 + 10*c**2 + 3*c - 13. Suppose -192*w + 190*w = 18. Give k(w).
41
Let z(u) = 3*u**2 - u - 1. Suppose 0 = -4*t + 3*i - 12, -5*t - 3*i + 0*i - 15 = 0. Let r be (t/12)/((-3)/(-12)). Calculate z(r).
3
Let v(h) = h**2 + 7. Let d = -3 - -5. Let s(r) = -d*r**2 - r**3 - r + 0*r + 2*r**2. Let k be s(0). Determine v(k).
7
Let h(i) be the second derivative of -i**5/20 + 5*i**4/12 - 7*i**3/6 + 7*i**2 + 2*i + 39. Determine h(4).
2
Let o(p) = 3 + 3008*p - 